a - 26, -3*a - w*j = 0. Let o(p) = a*p + p + 2 + p + 2*p**2. What is o(-4)?
10
Let a(g) = g**3 + 8*g**2 - 11*g - 13. Let s = -11 + 2. Let m be a(s). Let y(w) = -4 + 4 - m - w + 1. Determine y(-4).
0
Let x be 1/(-1*3/3). Let a(t) = t**2 - 3*t - 1. Let f(l) = -l + 1. Let h(u) = x*a(u) - 3*f(u). What is h(6)?
-2
Let f(q) = q**3 + q**2 - 4*q - 3. Let t be (2 + 0)*9/(-6). Calculate f(t).
-9
Let c(q) = -q**3 + 2*q**2 - q - 2. Let r(d) = -d**2 - 4*d - 3. Let m be r(-3). Suppose -3*b + 6*b - 6 = m. Determine c(b).
-4
Let z(g) be the first derivative of -g**2/2 + g - 2. Determine z(5).
-4
Let j(c) = c**3 - 7*c - 4. Let b(v) = -2*v**3 + 15*v + 8. Let y(f) = 3*b(f) + 7*j(f). What is y(-3)?
-19
Let u(s) = -7*s**2 + 9*s - 7. Suppose 24 = -4*d - 0*d. Let p(o) = o**2 - o + 1. Let f(a) = d*p(a) - u(a). Give f(5).
11
Let a(l) = l**3 + 6*l**2 - 4. Let v(o) = -o + 1. Let x be v(-1). Suppose 0*s + 7 = -x*s - 5*f, -2*s - 16 = -4*f. Give a(s).
-4
Let v(b) = 2*b. Let m be v(-2). Let h = m + 4. Suppose 3*s + i + i + 19 = h, 0 = 2*s + i + 11. Let r(q) = -3*q + 3. Give r(s).
12
Let w(t) = 5*t**2 + 4*t + 4. Suppose -2*j + 8 = -0. Let b(s) = 4*s**2 + 4*s + 3. Let y(u) = j*b(u) - 3*w(u). Determine y(-4).
0
Let b(l) = 7*l + 58 + 2*l**2 - 55 - 2*l**2 - l**2. What is b(6)?
9
Suppose 45 = 3*h + 2*h. Let l(w) = -3*w + 4*w + h - 7. Calculate l(3).
5
Let b(x) = -4*x + 2 + 2*x**2 + 0*x**2 + x - x**2. What is b(2)?
0
Let m(x) = 2*x + 0*x + 8 - 3*x + 0*x. Determine m(5).
3
Let m(a) = -a - 5. Suppose -3*c = -6*c + 60. Suppose -k - 10 = -3*s - 6*k, 16 = -4*k. Suppose -c = d - 3*x, 2*x = -2*d - 2*d - s. Give m(d).
0
Let m(y) = 9*y - 5. Let a(p) = 5*p - 3. Let j(f) = 11*a(f) - 6*m(f). Let n be 3*(-1 - -2) - -10. Let w = -13 + n. Give j(w).
-3
Let n(o) = o**3 - 7*o**2 + o - 1. Suppose 0*j = j - 7. Determine n(j).
6
Let j(t) be the third derivative of t**5/60 - 5*t**4/24 + 5*t**3/6 + 2*t**2. Let y be j(7). Let c(l) = -y*l + 19*l - l**3. Calculate c(-1).
1
Let h be (-44)/7 - (-4)/14. Let t be h/15 - (-3)/(-5). Let o(x) = -x**3 + x. What is o(t)?
0
Let g(t) = -t - 3. Let x be (-3)/(-12) - (-1)/(-4). Suppose x = -4*b - 0 - 8. Let d = 1 - b. Calculate g(d).
-6
Let s(i) = -4*i - i**2 + 4*i - 5*i. Calculate s(-4).
4
Let a = -13 + 17. Let k be a/14 - (-240)/42. Let m(w) = -2*w + 8. Determine m(k).
-4
Let m(u) = -2. Let l(b) = 16*b + 13. Let o(j) = -l(j) - 6*m(j). What is o(-1)?
15
Let g = -17 - -16. Let c(i) = 2*i**2. Determine c(g).
2
Let n(a) be the second derivative of 7/2*a**2 + 0 + 1/12*a**4 + 8*a + 7/6*a**3. Calculate n(-7).
7
Let q(x) = -x**3 - x**2 + x. Suppose 3*v + 3 = 9. Let p = -43 - -44. Let h be (2 - v)*(p + 0). Give q(h).
0
Let a(i) = -i + 5. Let s(y) = 2 - 4*y**3 + 5*y**2 + 3*y**3 + 5*y + 2*y**3. Let o be s(-3). Let n be (o/(-2))/(2/(-4)). Calculate a(n).
0
Let p(j) be the first derivative of j**7/280 + j**6/180 + j**5/120 - j**3/3 + 2. Let o(b) be the third derivative of p(b). Determine o(-1).
-2
Suppose -2*i + 3*x - x + 46 = 0, -i + 17 = -4*x. Suppose 0*j + 4*l + 4 = 4*j, -l - i = -5*j. Let u(n) = -n**2 + 6*n - 4. Calculate u(j).
-4
Let c be 2/10 + (-936)/(-120). Let b(g) = g**2 - 9*g + 5. Give b(c).
-3
Suppose 0 - 3 = -b. Let v(h) = h**3 - 4*h**2 + h - 1. What is v(b)?
-7
Let s(h) = -5*h**2 + 9*h - 6. Let r(a) = -a**2 + a - 1. Let k(y) = -4*r(y) + s(y). Let i be k(5). Let v(l) = -l**2. Give v(i).
-4
Let f = -1 + 8. Suppose 52 = -5*u + f. Let h(o) = -o**2 - 10*o - 6. Let c be h(u). Let n(x) = -x**3 + 3*x**2 - 2*x + 3. What is n(c)?
-3
Let p(g) = -5*g + 1. Let s(v) = -v**2 + 8*v - 1. Let u = 3 - -5. Let c be s(u). Give p(c).
6
Let g(d) = d**2 - d - 1. Suppose b - 9 = -2*a - 2*b, -b = -a + 7. Determine g(a).
29
Suppose 21 = -2*n + 5*v, -2*n - 6*v + 3 = -3*v. Let a = -7 - n. Let t(l) = -l**2 - 3*l + 2. What is t(a)?
-2
Let x be ((-1)/2)/((-1)/(-6)). Let c(w) = w**2 + w - 1. Let d(q) = q**2 - 1. Let g(o) = -c(o) - d(o). Give g(x).
-13
Let j(b) be the second derivative of b**4/8 + 2*b**3/3 - 3*b**2/2 - 2*b. Let t(k) be the first derivative of j(k). Calculate t(-3).
-5
Let y = -2 + 2. Suppose -g + 3*g - 4 = y. Let o(j) = 2*j**2 + 2 + j**2 - 4*j**g - 6*j - 3. Give o(-6).
-1
Let g = 5 + -1. Suppose 2*v = -2*v + 2*k + 8, 2 = g*v + k. Let f(j) be the first derivative of 5*j**4/4 - j**2 + j + 2. What is f(v)?
4
Let v(d) be the second derivative of 7*d + 1/3*d**3 - 1/12*d**4 + 0 - d**2. Suppose -3*c - o + 0 = -2, 16 = -4*o. Give v(c).
-2
Let g(y) = -y**3 - 5*y**2 + 6*y + 9. Let u = 5 + -1. Suppose -5*v = -0*v + u*d + 10, 5*v = 3*d - 45. Give g(v).
9
Suppose 4 = 4*h - 2*k - 2, 5*h = 4*k. Let a(t) = 4*t**2 - 2*t - 10. Let x(i) = 3*i**2 - i - 9. Let g(s) = 4*a(s) - 5*x(s). What is g(h)?
9
Suppose -2*l = -0*l + 10. Let q = l - -3. Let u(s) be the first derivative of -s**2/2 + 2*s + 3. What is u(q)?
4
Let r(l) = -5*l**2 - 10*l**3 - l + 9*l**3 + 2*l**2. Suppose 4 = 5*w + 5*f + 9, 0 = 3*w - 2*f + 3. Give r(w).
-1
Let r be ((-6)/8)/(15/(-60)). Let k be r/7 + (-156)/(-28). Let t(b) = -b**2 + 5*b + 1. Determine t(k).
-5
Let k(d) = -7*d - 7. Let g(n) = -13*n - 13. Let a(s) = -6*g(s) + 11*k(s). Give a(-2).
-1
Let m(u) = -3*u**2 + 205*u + 4 - 214*u + 4*u**2. Give m(7).
-10
Let w = 6 - 1. Suppose -g = -w + 10. Let v(n) = -n - 5. Give v(g).
0
Suppose -3*h + h = -8. Suppose -3*a + a = -h. Let i(y) = -a*y + y**2 + 4*y - 4 + 0*y**2. Determine i(-5).
11
Let k(u) = u + 1. Let t(l) = l. Let p(b) = -5*k(b) + 4*t(b). Determine p(-6).
1
Let w(v) = 2*v - 1. Let q be (2/(-8))/((-5)/20). Determine w(q).
1
Let d(a) = 2*a - 7. Let l be d(5). Let y(g) = 25*g - g**3 + 0 - 24*g + g**2 + l. Give y(0).
3
Let d = 2 + 7. Let m = 0 + d. Suppose 3*i + 2*x = -4, 2*i + x - m = 2*x. Let u(a) = a**3 - a**2 - 3*a + 1. Determine u(i).
-1
Let q(a) = -a**3 + 8*a**2 - 8*a + 7. Let n be q(7). Suppose b - 7 = -n*b. Let v = -11 + b. Let k(d) = d**3 + 5*d**2 + 5*d - 2. What is k(v)?
-6
Let n(a) = -a**3 - 7*a**2 - 8*a - 9. Suppose -i = 2*j + 10, 22 = -4*j + 3*i - 4*i. What is n(j)?
3
Suppose 4*q - 3 = q, -3*i + q = -11. Let j be i*(1 + 2/(-1)). Let s(g) = g**3 - 2*g**2 + 3*g**2 + 3*g**2 - 1. What is s(j)?
-1
Let v(i) = 4*i**2 + 35*i + 40. Let p(q) = q**2 + 9*q + 10. Let z(u) = 9*p(u) - 2*v(u). Calculate z(-9).
-8
Let n(p) = -p**2 + 5*p - 5. Let r = 6 - 5. Suppose -3*s - 6 = 3*o, -s + 3*o - 11 + r = 0. Let g be 5/(30/s)*-6. Give n(g).
-1
Let c(d) = d**3 - 4*d**2 + 2*d + 1. Suppose -w = -4*z - 14, 5*z + 8 = z. Let i be ((-3)/(-2))/3*w. Calculate c(i).
-2
Let q be (3 + -2 + -1)/2. Let p = q - -4. Let r(c) = 2*c + c**2 - 7*c + 0*c**2 + p. Determine r(3).
-2
Suppose g + 3 = 5. Let s(m) = 2*m**2 - m**g + 5*m - 2*m**2 - 3. Suppose 6 - 1 = j. Determine s(j).
-3
Let b(k) be the second derivative of -k**5/20 + k**4/4 + 5*k**3/6 - 3*k**2 + k. Suppose -3*t - 21 = -2*p - 7, 0 = -4*p - 2*t + 12. Give b(p).
-2
Let q(l) = 2*l**2 - 7*l. Let z(a) = -2*a**2 + 9*a + 1. Let c(p) = 3*q(p) + 2*z(p). Let x(w) = -w**3 + 2*w**2 + 3*w + 3. Let n be x(3). Give c(n).
11
Let i(m) = 2*m + 3. Let d(c) = c + 2. Let u(r) = -7*d(r) + 4*i(r). Calculate u(-4).
-6
Let x(n) = 5*n**3 - 7*n**2 - 8*n. Let g(j) = 2*j**3 - j**2 - j. Let o(d) = 2*g(d) - x(d). Let p = 9 - 3. Determine o(p).
0
Let k(t) = 2*t + 5. Suppose 6*o - o = -20. Give k(o).
-3
Let y(n) = -n**2 - 3*n + 4. Let h = 14 + -18. Determine y(h).
0
Let m(b) = 0*b**3 - 2*b - b**3 - 4*b - 3*b + 8*b**2 + 6. Calculate m(7).
-8
Let m(w) be the first derivative of -w**7/140 - w**4/24 - w**3/3 + 2. Let q(i) be the third derivative of m(i). Let p be (-1 + -3 + 3)/1. Give q(p).
5
Let f(q) be the first derivative of q**2/2 - 5. Calculate f(2).
2
Let b(h) = 2*h**3 - 4*h**2 + 5*h - 1. Let r(z) = -5*z**3 + 11*z**2 - 14*z + 4. Let t(l) = 8*b(l) + 3*r(l). Give t(-3).
-8
Let v(j) be the first derivative of 7*j + 3 + 1/2*j**2 - 1/3*j**3. Give v(0).
7
Let c(d) = 3*d**2 - 12*d + 3. Let m(s) = -s**2 + 6*s - 2. Let y(o) = -2*c(o) - 5*m(o). What is y(-6)?
4
Suppose -2*f - 1 = 3. Let t(i) = i**2. Let q(y) = y**2 - 2*y - 1. Let u(j) = j**3 + 4*j**2 - j - 5. Let h be u(-4). Let s(v) = h*q(v) + 3*t(v). Calculate s(f).
5
Suppose 1 + 3 = -2*j. Let u be (4 + 1)*j/2. Let w(s) = s + 7. Let f be w(u). Let c(y) = -2*y**2 + 3*y - 3. Determine c(f).
-5
Suppose -16 = 4*v, 5*b = -3*v - 15 - 12. Let y = -1 - b. Suppose 2*o - 9 = y*w - w, w - 1 = -3*o. Le